{"id":916,"date":"2016-03-23T16:18:56","date_gmt":"2016-03-23T15:18:56","guid":{"rendered":"http:\/\/sevedebygden.naturskyddsforeningen.se\/?page_id=916"},"modified":"2016-03-23T16:19:01","modified_gmt":"2016-03-23T15:19:01","slug":"hall-sverige-rent","status":"publish","type":"page","link":"https:\/\/vimmerby.naturskyddsforeningen.se\/?page_id=916","title":{"rendered":"H\u00e5ll Sverige rent"},"content":{"rendered":"<p><a href=\"https:\/\/vimmerby.naturskyddsforeningen.se\/wp-content\/uploads\/sites\/46\/2016\/03\/H\u00e5ll-Sverige-rent21.jpg\" rel=\"attachment wp-att-912\"><img loading=\"lazy\" decoding=\"async\" class=\"alignnone size-medium wp-image-912\" src=\"https:\/\/vimmerby.naturskyddsforeningen.se\/wp-content\/uploads\/sites\/46\/2016\/03\/H\u00e5ll-Sverige-rent21-300x247.jpg\" alt=\"H\u00e5ll Sverige rent%21\" width=\"300\" height=\"247\" srcset=\"https:\/\/vimmerby.naturskyddsforeningen.se\/wp-content\/uploads\/sites\/46\/2016\/03\/H\u00e5ll-Sverige-rent21-300x247.jpg 300w, https:\/\/vimmerby.naturskyddsforeningen.se\/wp-content\/uploads\/sites\/46\/2016\/03\/H\u00e5ll-Sverige-rent21.jpg 460w\" sizes=\"(max-width: 300px) 100vw, 300px\" \/><\/a><\/p>\n<p>H\u00e5ll Sverige Rent har organiserat skr\u00e4pplockardagar i flera decennier &#8211; och det \u00e4r inte bara f\u00f6r att tillf\u00e4lligt g\u00f6ra milj\u00f6n lite renare. Vi tror att n\u00e4r man plockar skr\u00e4p s\u00e5 h\u00e4nder det saker. Pl\u00f6tsligt ser man skr\u00e4pet och effekten av \u00e4ven de sm\u00e5 skr\u00e4pf\u00f6rem\u00e5len \u2013 det \u00e4r viktigt f\u00f6r att bli engagerad. Genom att plocka upp skr\u00e4p skickar du ocks\u00e5 en signal till andra om att nedskr\u00e4pning inte \u00e4r okej. N\u00e4r vi \u00e4r m\u00e5nga som plockar skr\u00e4p samtidigt kan vi ocks\u00e5 tillsammans visa beslutsfattare att nedskr\u00e4pningen \u00e4r en fr\u00e5ga som \u00e4r viktig f\u00f6r oss.<\/p>\n","protected":false},"excerpt":{"rendered":"<p>H\u00e5ll Sverige Rent har organiserat skr\u00e4pplockardagar i flera decennier &#8211; och det \u00e4r inte bara f\u00f6r att tillf\u00e4lligt g\u00f6ra milj\u00f6n lite renare. Vi tror att n\u00e4r man plockar skr\u00e4p s\u00e5 h\u00e4nder det saker. Pl\u00f6tsligt ser man skr\u00e4pet och effekten av \u00e4ven de sm\u00e5 skr\u00e4pf\u00f6rem\u00e5len \u2013 det \u00e4r viktigt f\u00f6r att bli engagerad. Genom att plocka [&hellip;]<\/p>\n","protected":false},"author":32,"featured_media":0,"parent":0,"menu_order":0,"comment_status":"closed","ping_status":"closed","template":"","meta":{"_acf_changed":false,"footnotes":""},"acf":[],"jetpack_sharing_enabled":true,"featured_image_src":null,"featured_image_src_square":null,"_links":{"self":[{"href":"https:\/\/vimmerby.naturskyddsforeningen.se\/index.php?rest_route=\/wp\/v2\/pages\/916"}],"collection":[{"href":"https:\/\/vimmerby.naturskyddsforeningen.se\/index.php?rest_route=\/wp\/v2\/pages"}],"about":[{"href":"https:\/\/vimmerby.naturskyddsforeningen.se\/index.php?rest_route=\/wp\/v2\/types\/page"}],"author":[{"embeddable":true,"href":"https:\/\/vimmerby.naturskyddsforeningen.se\/index.php?rest_route=\/wp\/v2\/users\/32"}],"replies":[{"embeddable":true,"href":"https:\/\/vimmerby.naturskyddsforeningen.se\/index.php?rest_route=%2Fwp%2Fv2%2Fcomments&post=916"}],"version-history":[{"count":1,"href":"https:\/\/vimmerby.naturskyddsforeningen.se\/index.php?rest_route=\/wp\/v2\/pages\/916\/revisions"}],"predecessor-version":[{"id":917,"href":"https:\/\/vimmerby.naturskyddsforeningen.se\/index.php?rest_route=\/wp\/v2\/pages\/916\/revisions\/917"}],"wp:attachment":[{"href":"https:\/\/vimmerby.naturskyddsforeningen.se\/index.php?rest_route=%2Fwp%2Fv2%2Fmedia&parent=916"}],"curies":[{"name":"wp","href":"https:\/\/api.w.org\/{rel}","templated":true}]}}