{"id":62,"date":"2013-08-28T08:31:33","date_gmt":"2013-08-28T06:31:33","guid":{"rendered":"http:\/\/sevedebygden.naturskyddsforeningen.se\/?page_id=62"},"modified":"2024-03-26T21:22:51","modified_gmt":"2024-03-26T20:22:51","slug":"valkommen-till-var-hemsida","status":"publish","type":"page","link":"https:\/\/vimmerby.naturskyddsforeningen.se\/?page_id=62","title":{"rendered":"V\u00e4lkommen"},"content":{"rendered":"<p><a href=\"https:\/\/m.facebook.com\/Naturskyddsf%C3%B6reningen-Vimmerby-107903991405594\/\" target=\"_blank\" rel=\"noopener noreferrer\"><img loading=\"lazy\" decoding=\"async\" class=\"alignnone wp-image-638 size-medium\" src=\"https:\/\/vimmerby.naturskyddsforeningen.se\/wp-content\/uploads\/sites\/46\/2015\/01\/facrbook-300x113.jpg\" alt=\"facebook\" width=\"300\" height=\"113\" srcset=\"https:\/\/vimmerby.naturskyddsforeningen.se\/wp-content\/uploads\/sites\/46\/2015\/01\/facrbook-300x113.jpg 300w, https:\/\/vimmerby.naturskyddsforeningen.se\/wp-content\/uploads\/sites\/46\/2015\/01\/facrbook.jpg 366w\" sizes=\"(max-width: 300px) 100vw, 300px\" \/><\/a><\/p>\n<p><strong>V\u00e4lkommen till Naturskyddsf\u00f6reningen i Vimmerby\u00a0\u00a0 kommun<\/strong><\/p>\n<p>Naturskyddsf\u00f6reningen Vimmerby h\u00e4lsar Dig mycket v\u00e4lkommen till v\u00e5ra olika verksamheter. Hoppas Du har tid och lust att komma och tr\u00e4ffa likasinnade i Naturskyddsf\u00f6reningen f\u00f6r information, diskussion och upplevelser. Kontakta oss g\u00e4rna om Du har synpunkter p\u00e5 program eller id\u00e9er inf\u00f6r framtida arrangemang. Naturskyddsf\u00f6reningen \u00e4r en ideell milj\u00f6organisation med kraft att f\u00f6r\u00e4ndra. Vi sprider kunskap, kartl\u00e4gger milj\u00f6hot, skapar l\u00f6sningar samt p\u00e5verkar politiker och myndigheter s\u00e5v\u00e4l nationellt som internationellt. Dessutom st\u00e5r vi bakom v\u00e4rldens tuffaste milj\u00f6m\u00e4rkning Bra Milj\u00f6val. Klimat, hav, skog, milj\u00f6gifter och jordbruk \u00e4r v\u00e5ra viktigaste arbetsomr\u00e5den. F\u00f6reningen har ca 226 000 medlemmar och finns i lokalf\u00f6reningar och l\u00e4nsf\u00f6rbund \u00f6ver hela landet. V\u00e4lkommen att bli medlem, sk\u00e4nka en g\u00e5va eller bli f\u00f6retagssponsor.<\/p>\n<p>Webbredakt\u00f6r Jana Anckarman<\/p>\n<p>V\u00e4lkommen som medlem!<\/p>\n","protected":false},"excerpt":{"rendered":"<p>V\u00e4lkommen till Naturskyddsf\u00f6reningen i Vimmerby\u00a0\u00a0 kommun Naturskyddsf\u00f6reningen Vimmerby h\u00e4lsar Dig mycket v\u00e4lkommen till v\u00e5ra olika verksamheter. Hoppas Du har tid och lust att komma och tr\u00e4ffa likasinnade i Naturskyddsf\u00f6reningen f\u00f6r information, diskussion och upplevelser. Kontakta oss g\u00e4rna om Du har synpunkter p\u00e5 program eller id\u00e9er inf\u00f6r framtida arrangemang. Naturskyddsf\u00f6reningen \u00e4r en ideell milj\u00f6organisation med kraft [&hellip;]<\/p>\n","protected":false},"author":32,"featured_media":0,"parent":0,"menu_order":0,"comment_status":"open","ping_status":"open","template":"","meta":{"_acf_changed":false,"footnotes":""},"acf":[],"jetpack_sharing_enabled":true,"featured_image_src":null,"featured_image_src_square":null,"_links":{"self":[{"href":"https:\/\/vimmerby.naturskyddsforeningen.se\/index.php?rest_route=\/wp\/v2\/pages\/62"}],"collection":[{"href":"https:\/\/vimmerby.naturskyddsforeningen.se\/index.php?rest_route=\/wp\/v2\/pages"}],"about":[{"href":"https:\/\/vimmerby.naturskyddsforeningen.se\/index.php?rest_route=\/wp\/v2\/types\/page"}],"author":[{"embeddable":true,"href":"https:\/\/vimmerby.naturskyddsforeningen.se\/index.php?rest_route=\/wp\/v2\/users\/32"}],"replies":[{"embeddable":true,"href":"https:\/\/vimmerby.naturskyddsforeningen.se\/index.php?rest_route=%2Fwp%2Fv2%2Fcomments&post=62"}],"version-history":[{"count":39,"href":"https:\/\/vimmerby.naturskyddsforeningen.se\/index.php?rest_route=\/wp\/v2\/pages\/62\/revisions"}],"predecessor-version":[{"id":1670,"href":"https:\/\/vimmerby.naturskyddsforeningen.se\/index.php?rest_route=\/wp\/v2\/pages\/62\/revisions\/1670"}],"wp:attachment":[{"href":"https:\/\/vimmerby.naturskyddsforeningen.se\/index.php?rest_route=%2Fwp%2Fv2%2Fmedia&parent=62"}],"curies":[{"name":"wp","href":"https:\/\/api.w.org\/{rel}","templated":true}]}}