{"id":1427,"date":"2021-02-10T09:03:18","date_gmt":"2021-02-10T08:03:18","guid":{"rendered":"https:\/\/sevedebygden.naturskyddsforeningen.se\/?page_id=1427"},"modified":"2021-04-22T17:06:01","modified_gmt":"2021-04-22T15:06:01","slug":"arsmote-2020","status":"publish","type":"page","link":"https:\/\/vimmerby.naturskyddsforeningen.se\/?page_id=1427","title":{"rendered":"\u00c5rsm\u00f6te"},"content":{"rendered":"<p>\u00c5rsm\u00f6tet brukar g\u00e5 av stapel i mars m\u00e5nad. Inbjudan kommer via mail, FB och denna hemsida.<\/p>\n","protected":false},"excerpt":{"rendered":"<p>\u00c5rsm\u00f6tet brukar g\u00e5 av stapel i mars m\u00e5nad. Inbjudan kommer via mail, FB och denna hemsida.<\/p>\n","protected":false},"author":32,"featured_media":0,"parent":0,"menu_order":0,"comment_status":"closed","ping_status":"closed","template":"","meta":{"_acf_changed":false,"footnotes":""},"acf":[],"jetpack_sharing_enabled":true,"featured_image_src":null,"featured_image_src_square":null,"_links":{"self":[{"href":"https:\/\/vimmerby.naturskyddsforeningen.se\/index.php?rest_route=\/wp\/v2\/pages\/1427"}],"collection":[{"href":"https:\/\/vimmerby.naturskyddsforeningen.se\/index.php?rest_route=\/wp\/v2\/pages"}],"about":[{"href":"https:\/\/vimmerby.naturskyddsforeningen.se\/index.php?rest_route=\/wp\/v2\/types\/page"}],"author":[{"embeddable":true,"href":"https:\/\/vimmerby.naturskyddsforeningen.se\/index.php?rest_route=\/wp\/v2\/users\/32"}],"replies":[{"embeddable":true,"href":"https:\/\/vimmerby.naturskyddsforeningen.se\/index.php?rest_route=%2Fwp%2Fv2%2Fcomments&post=1427"}],"version-history":[{"count":7,"href":"https:\/\/vimmerby.naturskyddsforeningen.se\/index.php?rest_route=\/wp\/v2\/pages\/1427\/revisions"}],"predecessor-version":[{"id":1471,"href":"https:\/\/vimmerby.naturskyddsforeningen.se\/index.php?rest_route=\/wp\/v2\/pages\/1427\/revisions\/1471"}],"wp:attachment":[{"href":"https:\/\/vimmerby.naturskyddsforeningen.se\/index.php?rest_route=%2Fwp%2Fv2%2Fmedia&parent=1427"}],"curies":[{"name":"wp","href":"https:\/\/api.w.org\/{rel}","templated":true}]}}

Årsmöte

<p>Årsmötet brukar gå av stapel i mars månad. Inbjudan kommer via mail, FB och denna hemsida.</p>
